 Give i(-57).
2211
Let u(m) = m**3 + 557*m**2 + 76849*m - 3352. What is u(-305)?
3
Let b(g) = 54*g**2 + 2746*g - 402. Give b(-51).
6
Let l(b) = -b**3 - 9*b**2 - 4762*b - 9499. Give l(-2).
-3
Let t(x) = -39552*x - 79111. Determine t(-2).
-7
Let b(n) = -378901*n + 17429445. Determine b(46).
-1
Let f(v) = 4*v**2 + 156*v + 1998. Give f(-34).
1318
Let m(l) = -72*l + 26915. Calculate m(374).
-13
Let j(v) = 2*v**3 + 1094*v**2 - 3435*v - 74269. What is j(-550)?
-19
Let p(g) = 2*g**3 + 69*g**2 + 126*g + 8404. Determine p(-36).
-20
Let a(t) = -9*t**3 + 19*t**2 - 11*t + 20. Determine a(3).
-85
Let k(q) = 1542*q + 46219. Determine k(-30).
-41
Let s(l) = 136666*l + 273348. Determine s(-2).
16
Let d(q) = -q**3 + 7*q**2 - 77*q - 364. Determine d(-8).
1212
Let z(j) = 38*j**2 + 6233*j - 49989. Give z(8).
2307
Let m(c) = c**3 - 616*c**2 + 4411*c - 90134. Calculate m(609).
-2
Let c(x) = 7*x**3 + 200*x**2 - 167*x - 2312. What is c(-29)?
8
Let p(w) = 543*w - 86428. What is p(159)?
-91
Let d(t) = 97073*t + 291223. What is d(-3)?
4
Let r(m) = -5624*m + 68900. Determine r(12).
1412
Let c(i) = 7184*i - 215550. Give c(30).
-30
Let t(c) = 287*c + 19475. Give t(-64).
1107
Let z(f) = -3*f**3 + 225*f**2 - 2112*f + 26. Determine z(64).
26
Let g(n) = 14575*n + 42512. Calculate g(-3).
-1213
Let h(s) = 90*s + 7150. Determine h(-72).
670
Let r(s) = 116466*s - 79. Give r(0).
-79
Let v(q) = 54*q**2 - 43904*q + 1630. What is v(813)?
4
Let c(y) = 63*y**2 - 2137*y - 166. Determine c(34).
4
Let d(b) = -80693*b - 80640. Calculate d(-1).
53
Let t(f) = 28244*f + 1609969. What is t(-57)?
61
Let i(k) = k**3 + 125*k**2 - 608*k + 516. What is i(-130)?
-4944
Let p(s) = 732*s - 4452. Calculate p(5).
-792
Let a(g) = -5*g**2 + 133*g - 960. Calculate a(15).
-90
Let v(z) = -11545*z + 600283. Determine v(52).
-57
Let u(r) = -6765*r - 588752. Calculate u(-87).
-197
Let h(b) = -b**2 + 6370*b - 164941. Calculate h(26).
3
Let t(m) = -8885*m - 88752. Calculate t(-10).
98
Let j(g) = g**3 + 2*g**2 - 1168*g - 10262. What is j(-9)?
-317
Let c(m) = 17*m**3 + 1107*m**2 + 346*m + 14021. What is c(-65)?
-19
Let n(b) = -4*b**2 + 2753*b + 195847. Give n(-65).
2
Let r(n) = 24*n**2 + 3325*n - 6590. Give r(2).
156
Let y(m) = 727*m**3 - 6*m**2 + m - 1. Calculate y(-1).
-735
Let y(x) = 695*x + 5773. Determine y(-10).
-1177
Let b(f) = f**2 - 17591*f + 1888209. Determine b(108).
45
Let t(k) = 3*k**3 - 129*k**2 - 33*k - 3991. Give t(44).
365
Let v(h) = -2*h**3 + 2571*h**2 + 18062*h - 233. Give v(-7).
-2
Let p(k) = -20*k**2 + 407*k + 2948. Give p(26).
10
Let w(m) = -1433*m + 164788. Give w(115).
-7
Let a(s) = -7*s**3 + 55*s**2 + 80*s - 597. Calculate a(8).
-21
Let m(r) = r**2 - 2746*r - 55343. Calculate m(-20).
-23
Let z(s) = 1097*s - 67974. Determine z(62).
40
Let b(y) = 93551*y + 1309715. Give b(-14).
1
Let r(j) = -j**3 - 94*j**2 - 1478*j - 23083. Determine r(-79).
64
Let g(k) = -2*k**2 - 11186*k - 78251. Calculate g(-7).
-47
Let v(l) = -16*l**2 - 1613*l - 23651. Determine v(-83).
4
Let c(h) = -617*h + 7430. Give c(12).
26
Let o(m) = 80*m**3 - 964*m**2 + 99*m - 875. What is o(12)?
-263
Let r(p) = 11841*p - 106564. What is r(9)?
5
Let j(n) = 14*n**2 - 7663*n + 7660. Determine j(1).
11
Let u(d) = -2*d**2 + 31922*d - 127656. What is u(4)?
0
Let a(n) = -2*n**3 + 971*n**2 - 436*n - 23770. Give a(485).
-5
Let y(g) = 2*g**2 - 4785*g + 132406. What is y(28)?
-6
Let f(r) = -54870*r**2 + 54864*r - 1. Calculate f(1).
-7
Let m(j) = 2*j**2 - 2720*j - 97634. Give m(-35).
16
Let b(x) = 439*x - 25959. Calculate b(62).
1259
Let f(o) = -26*o**3 - 2097*o**2 + 717*o - 979. Determine f(-81).
-7
Let b(q) = 23404*q + 18489163. What is b(-790)?
3
Let k(l) = 232881*l - 2095932. Determine k(9).
-3
Let p(a) = a**3 + 198*a**2 - 1154*a - 190076. Determine p(-199).
-31
Let t(v) = -6617*v + 337467. What is t(51)?
0
Let a(s) = -s**2 + 40185*s + 401909. Give a(-10).
-41
Let b(i) = -8*i**3 - 544*i**2 - 1574*i + 8. Calculate b(-3).
50
Let g(z) = 3*z**2 - 69*z - 307. Give g(-3).
-73
Let g(q) = q**3 - 8*q**2 + 13*q - 139. Calculate g(7).
-97
Let x(n) = -4134*n**2 + 3*n - 5. Give x(1).
-4136
Let n(p) = 212*p**2 - 25*p - 61. Give n(-2).
837
Let v(h) = 12730*h + 4506414. Determine v(-354).
-6
Let r(u) = -8*u**3 + 7105*u**2 - 1052*u + 145635. What is r(888)?
3
Let n(a) = 2*a**2 + 50*a - 4308. Give n(-63).
480
Let u(d) = -3*d**2 + 208*d + 2067. What is u(-9)?
-48
Let f(h) = 56*h + 4932. What is f(-90)?
-108
Let c(v) = -v**3 + 25*v**2 + 966*v - 24610. Calculate c(27).
14
Let k(l) = -1940*l - 15517. What is k(-8)?
3
Let k(c) = 6*c**2 - 7277*c + 21846. Give k(3).
69
Let t(m) = 41*m**2 + 228*m + 302. Give t(-3).
-13
Let i(l) = 2*l**3 + 567*l**2 + 1966*l + 1241. Give i(-280).
-439
Let p(m) = -m**3 + 243*m**2 + 45506*m - 320. Determine p(-124).
-72
Let l(p) = p**2 + 1063*p - 100002. Calculate l(87).
48
Let d(y) = 85244*y + 31796013. Give d(-373).
1
Let l(h) = -h**3 - 10*h**2 + 7*h + 250. Give l(-7).
54
Let j(p) = -61404*p - 429830. Calculate j(-7).
-2
Let q(k) = 2270*k + 424489. Give q(-187).
-1
Let n(r) = -r**3 + 67*r**2 + 131*r - 719. Calculate n(69).
-1202
Let a(g) = 485*g + 809. Give a(-1).
324
Let g(w) = -15*w**2 + 534*w - 2639. Give g(6).
25
Let z(b) = -b**2 + 952*b + 8570. Determine z(-9).
-79
Let g(u) = -2*u**2 + 22994*u - 1395171. Give g(61).
21
Let r(y) = y**3 - 237*y**2 + 1386*y - 30. What is r(6)?
-30
Let c(u) = -4274*u - 3863691. Calculate c(-904).
5
Let m(i) = -9188*i - 27525. Give m(-3).
39
Let x(i) = 33293*i - 432812. Determine x(13).
-3
Let n(v) = -931*v - 30890. What is n(-33)?
-167
Let o(i) = 1267*i - 34. Determine o(-1).
-1301
Let m(k) = -64*k**2 + 376*k + 95. What is m(6)?
47
Let v(z) = -12*z**2 + 322*z - 26. Give v(17).
1980
Let r(h) = -128*h**2 + 136193*h - 1069. What is r(1064)?
-5
Let o(n) = -274*n + 12898. Give o(47).
20
Let l(i) = 127*i**3 - 382*i**2 + 16*i - 24. Calculate l(3).
15
Let q(p) = -384*p - 11294. Give q(-41).
4450
Let u(f) = -2*f**2 + 351*f - 15028. Calculate u(101).
21
Let a(i) = 113047*i - 5878468. Give a(52).
-24
Let x(z) = z**3 + 184*z**2 - 923*z - 31974. Give x(-188).
174
Let f(a) = -2*a**3 + 340*a**2 + 3978*a + 776. Give f(181).
52
Let q(a) = 2675*a - 155155. Give q(58).
-5
Let b(t) = 4938*t + 19769. Give b(-4).
17
Let p(o) = 274*o**3 + 592*o**2 + 85*o + 9. Give p(-2).
15
Let n(z) = 3*z - 935. Give n(-44).
-1067
Let f(x) = -x**3 + x**2 + 164*x - 27. What is f(13)?
77
Let g(v) = v**2 - 166*v - 29955. Give g(275).
20
Let q(u) = 4*u**2 + 119*u + 25. What is q(-29)?
-62
Let l(y) = 3*y**2 - 255*y + 1724. What is l(78)?
86
Let z(t) = -9639*t - 49878. Calculate z(-5).
-1683
Let w(v) = 7*v**2 - 714*v - 24376. Determine w(129).
5
Let o(i) = 6*i**3 - 13*i**2 - 1151*i + 15. What is o(-13)?
-401
Let o(i) = -43628*i + 5628007. Determine o(129).
-5
Let h(k) = 2*k**3 + 105*k**2 + 556*k + 10279. Give h(-49).
-158
Let m(f) = 2565*f + 87009. Give m(-34).
-201
Let z(c) = -4*c**2 + 1055*c + 14955. Calculate z(277).
274
Let v(n) = 2*n**3 + 75*n**2 - 96*n + 808. Determine v(-39).
-11
Let y(q) = -303*q - 606. Calculate y(-2).
0
Let m(z) = -222163*z + 222164. Calculate m(1).
1
Let h(k) = -2859*k + 8461. Determine h(3).
-116
Let p(b) = 47*b**2 - 387*b - 52. Give p(9).
272
Let k(o) = -263*o + 4664. Calculate k(18).
-70
Let r(t) = 337*t - 3833. What is r(10)?
-463
Let p(j) = 14*j**3 - 89*j**2 - 356*j + 289. Give p(9).
82
Let h(t) = 143*t**3 - 6*t**2 + 375*t - 369. Calculate h(1).
143
Let n(i) = -993*i - 106250. Give n(-107).
1
Let f(g) = -4*g**2 + 296*g - 5055. Calculate f(27).
21
Let n(g) = 2*g**2 - 7050*g + 133240. What is n(19)?
12
Let r(i) = -78*i - 11561. Calculate r(-150).
139
Let z(a) = -2353*a + 155273. Calculate z(66).
-25
Let a(y) = 119*y - 4125. What is a(34)?
-79
Let b(t) = 2*t**3 - 42*t**2 + 177*t - 4519. Determine b(22).
343
Let f(u) = 2015*u - 4231. Determine f(2).
-201
Let g(j) = -18*j**3 + 15*j**2 + 22*j + 35. What is g(-3)?
590
Let r(o) = 99*o + 3063. Calculate r(-35).
-402
Let d(o) = 267254*o + 1069501. Give d(-4).
485
Let k(r) = -39958*r - 519463. What is k(-13)?
-9
Let j(d) = -161802*d - 2912413. What is j(-18)?
23
Let c(q) = -278347*q + 1948436. Calculate c(7).
7
Let f(i) = -1390*i - 40307. What is f(-28)?
-1387
Let m(j) = 30*j**2 + 7997*j + 51225. What is m(-260)?
5
Let d(i) = 27*i**2 - 65*i - 3144. Calculate d(12).
-36
